{"id":15,"date":"2015-06-17T00:01:28","date_gmt":"2015-06-16T22:01:28","guid":{"rendered":"http:\/\/www.ssg-fliegerhorst.de\/wordpress\/?page_id=15"},"modified":"2025-04-24T11:14:46","modified_gmt":"2025-04-24T09:14:46","slug":"training","status":"publish","type":"page","link":"https:\/\/ssg-fliegerhorst.de\/?page_id=15","title":{"rendered":"Training"},"content":{"rendered":"<p><span style=\"color: #ff0000;\"><strong>Bis auf Weiteres\u00a0 ist die Trainingsteilnahme ist nur mit einer Reservierung m\u00f6glich.<br \/>\n<\/strong><\/span><\/p>\n<p><strong>Link zur Online-Reservierungsliste:<br \/>\n<\/strong><a href=\"https:\/\/docs.google.com\/spreadsheets\/d\/1rcT61oJdmqU5N-fEAb1HcFhU3JxbQCcjlS0wRloCXhc\/edit?usp=sharing\">https:\/\/docs.google.com\/spreadsheets\/d\/1RhPbEurHoWGbyJUWTr6fp7l8ceDhttZ-IQf4_RMc7MQ\/edit?usp=sharing<\/a><\/p>\n<h1>Kurzwaffentraining:<\/h1>\n<p>Training ist normalerweise jeden <b>Montag<\/b>, von 18:00 bis 20:00 Uhr in Bokeloh und jeden 1. Montag im Monat in Hohnhorst von 17:30 bis 20:00 Uhr.<\/p>\n<p><strong>Die genauen Zeiten f\u00fcr Kurz- und Langwaffentraining (auch Ausf\u00e4lle oder Sommerpause) sind bitte der Online-Reservierungsliste zu entnehmen. <\/strong><\/p>\n<p>Das Training ist f\u00fcr Mitglieder frei. F\u00fcr <b>G\u00e4ste<\/b> erheben wir einen Beitrag von 4,- \u20ac je Trainingsabend.<\/p>\n<p>Wer keine eigene <b>Munition<\/b> hat, kann diese f\u00fcr den sofortigen Verbrauch auf der Schiessanlage k\u00e4uflich erwerben.<br \/>\nAllerdings haben wir nur 9mm , .38 Special sowie .22lfB vorr\u00e4tig.<\/p>\n<p>Wir haben normalerweise folgende <b>Vereinswaffen :<\/b><\/p>\n<ul>\n<li>Pistole 9mm (Glock 17)<\/li>\n<li>Pistole 9mm (Sig Sauer P226 XFive)<\/li>\n<li>Pistole 9mm (H&amp;K P30L)<\/li>\n<li>Revolver .38 oder .357 (Smith und Wesson 686-5 4Zoll)<\/li>\n<li>Kleinkaliber-Revolver (Smith und Wesson 617 Target Champion\u00a0 6Zoll)<\/li>\n<\/ul>\n<p>Der KK Revolver ist nicht Standardm\u00e4\u00dfig beim Training verf\u00fcgbar, bei Bedarf Kontakt mit dem Schie\u00dfleiter aufnehmen.<\/p>\n<p><a href=\"http:\/\/www.ssg-fliegerhorst.de\/wp-content\/uploads\/2016\/01\/Daniel2.skaliert.jpg\" rel=\"attachment wp-att-1519\"><img loading=\"lazy\" decoding=\"async\" class=\"alignnone size-medium wp-image-1519\" src=\"http:\/\/www.ssg-fliegerhorst.de\/wp-content\/uploads\/2016\/01\/Daniel2.skaliert-219x300.jpg\" alt=\"Daniel2.skaliert\" width=\"219\" height=\"300\" srcset=\"https:\/\/ssg-fliegerhorst.de\/wp-content\/uploads\/2016\/01\/Daniel2.skaliert-219x300.jpg 219w, https:\/\/ssg-fliegerhorst.de\/wp-content\/uploads\/2016\/01\/Daniel2.skaliert-747x1024.jpg 747w, https:\/\/ssg-fliegerhorst.de\/wp-content\/uploads\/2016\/01\/Daniel2.skaliert.jpg 757w\" sizes=\"auto, (max-width: 219px) 100vw, 219px\" \/><\/a><\/p>\n<h1>Langwaffentraining:<\/h1>\n<p>Nach Absprache, siehe <a href=\"https:\/\/ssg-fliegerhorst.de\/index.php\/events\/\" target=\"_blank\" rel=\"noopener\">Veranstaltungskalender<\/a>.<\/p>\n<p><a href=\"https:\/\/ssg-fliegerhorst.de\/\">Zur\u00fcck zur Startseite<\/a><\/p>\n","protected":false},"excerpt":{"rendered":"<p>Bis auf Weiteres\u00a0 ist die Trainingsteilnahme ist nur mit einer Reservierung m\u00f6glich. Link zur Online-Reservierungsliste: https:\/\/docs.google.com\/spreadsheets\/d\/1RhPbEurHoWGbyJUWTr6fp7l8ceDhttZ-IQf4_RMc7MQ\/edit?usp=sharing Kurzwaffentraining: Training ist normalerweise jeden Montag, von 18:00 bis 20:00 Uhr in Bokeloh und &hellip; <a href=\"https:\/\/ssg-fliegerhorst.de\/?page_id=15\" class=\"more-link\"><span class=\"screen-reader-text\">Training<\/span> weiterlesen <span class=\"meta-nav\">&rarr;<\/span><\/a><\/p>\n","protected":false},"author":1,"featured_media":0,"parent":0,"menu_order":2,"comment_status":"open","ping_status":"closed","template":"","meta":{"footnotes":""},"class_list":["post-15","page","type-page","status-publish","hentry"],"_links":{"self":[{"href":"https:\/\/ssg-fliegerhorst.de\/index.php?rest_route=\/wp\/v2\/pages\/15","targetHints":{"allow":["GET"]}}],"collection":[{"href":"https:\/\/ssg-fliegerhorst.de\/index.php?rest_route=\/wp\/v2\/pages"}],"about":[{"href":"https:\/\/ssg-fliegerhorst.de\/index.php?rest_route=\/wp\/v2\/types\/page"}],"author":[{"embeddable":true,"href":"https:\/\/ssg-fliegerhorst.de\/index.php?rest_route=\/wp\/v2\/users\/1"}],"replies":[{"embeddable":true,"href":"https:\/\/ssg-fliegerhorst.de\/index.php?rest_route=%2Fwp%2Fv2%2Fcomments&post=15"}],"version-history":[{"count":25,"href":"https:\/\/ssg-fliegerhorst.de\/index.php?rest_route=\/wp\/v2\/pages\/15\/revisions"}],"predecessor-version":[{"id":6495,"href":"https:\/\/ssg-fliegerhorst.de\/index.php?rest_route=\/wp\/v2\/pages\/15\/revisions\/6495"}],"wp:attachment":[{"href":"https:\/\/ssg-fliegerhorst.de\/index.php?rest_route=%2Fwp%2Fv2%2Fmedia&parent=15"}],"curies":[{"name":"wp","href":"https:\/\/api.w.org\/{rel}","templated":true}]}}