{"id":82,"date":"2015-06-18T22:40:36","date_gmt":"2015-06-18T20:40:36","guid":{"rendered":"http:\/\/www.ssg-fliegerhorst.de\/wordpress\/?page_id=82"},"modified":"2018-06-16T18:07:22","modified_gmt":"2018-06-16T16:07:22","slug":"wichtige-links","status":"publish","type":"page","link":"https:\/\/ssg-fliegerhorst.de\/?page_id=82","title":{"rendered":"Wichtige Links"},"content":{"rendered":"<p><a href=\"http:\/\/www.bdmp.de\">Bund der Milit\u00e4r und Polizeisch\u00fctzen<\/a><\/p>\n<p><a href=\"http:\/\/www.rifleranch.de\">Rifle Ranch in Borgholzhausen<\/a><\/p>\n<p><a href=\"http:\/\/www.svbokeloh.de\">Sch\u00fctzenverein Bokeloh<\/a><\/p>\n<p><a href=\"http:\/\/www.sv-hohnhorst.ksv-nesselblatt.de\">Sch\u00fctzenverein Hohnhorst<\/a><\/p>\n<p><a href=\"http:\/\/www.bva.bund.de\">Die genehmigten Sportordnungen beim Bundesverwaltungsamt<\/a><\/p>\n<p>Disclaimer:<br \/>\nUnsere Homepage enth\u00e4lt Links zu externen Webseiten Dritter, auf deren Inhalte wir keinen Einfluss haben.<br \/>\nDeshalb k\u00f6nnen wir f\u00fcr diese fremden Inhalte auch keine Gew\u00e4hr \u00fcbernehmen. F\u00fcr die Inhalte der verlinkten Seiten ist stets der jeweilige Anbieter oder Betreiber der Seiten verantwortlich.<br \/>\nRechtswidrige Inhalte waren zum Zeitpunkt der Verlinkung nicht erkennbar.<br \/>\nEine permanente inhaltliche Kontrolle der verlinkten Seiten ist jedoch nicht zumutbar.<br \/>\nBei Bekanntwerden von Rechtsverletzungen werden wir diese Verkn\u00fcpfungen umgehend entfernen.<\/p>\n<p>&nbsp;<\/p>\n<p><a href=\"http:\/\/www.ssg-fliegerhorst.de\/\">Zur\u00fcck zur Startseite<\/a><\/p>\n","protected":false},"excerpt":{"rendered":"<p>Bund der Milit\u00e4r und Polizeisch\u00fctzen Rifle Ranch in Borgholzhausen Sch\u00fctzenverein Bokeloh Sch\u00fctzenverein Hohnhorst Die genehmigten Sportordnungen beim Bundesverwaltungsamt Disclaimer: Unsere Homepage enth\u00e4lt Links zu externen Webseiten Dritter, auf deren Inhalte &hellip; <a href=\"https:\/\/ssg-fliegerhorst.de\/?page_id=82\" class=\"more-link\"><span class=\"screen-reader-text\">Wichtige Links<\/span> weiterlesen <span class=\"meta-nav\">&rarr;<\/span><\/a><\/p>\n","protected":false},"author":1,"featured_media":0,"parent":556,"menu_order":7,"comment_status":"open","ping_status":"closed","template":"","meta":{"footnotes":""},"class_list":["post-82","page","type-page","status-publish","hentry"],"_links":{"self":[{"href":"https:\/\/ssg-fliegerhorst.de\/index.php?rest_route=\/wp\/v2\/pages\/82","targetHints":{"allow":["GET"]}}],"collection":[{"href":"https:\/\/ssg-fliegerhorst.de\/index.php?rest_route=\/wp\/v2\/pages"}],"about":[{"href":"https:\/\/ssg-fliegerhorst.de\/index.php?rest_route=\/wp\/v2\/types\/page"}],"author":[{"embeddable":true,"href":"https:\/\/ssg-fliegerhorst.de\/index.php?rest_route=\/wp\/v2\/users\/1"}],"replies":[{"embeddable":true,"href":"https:\/\/ssg-fliegerhorst.de\/index.php?rest_route=%2Fwp%2Fv2%2Fcomments&post=82"}],"version-history":[{"count":6,"href":"https:\/\/ssg-fliegerhorst.de\/index.php?rest_route=\/wp\/v2\/pages\/82\/revisions"}],"predecessor-version":[{"id":2572,"href":"https:\/\/ssg-fliegerhorst.de\/index.php?rest_route=\/wp\/v2\/pages\/82\/revisions\/2572"}],"up":[{"embeddable":true,"href":"https:\/\/ssg-fliegerhorst.de\/index.php?rest_route=\/wp\/v2\/pages\/556"}],"wp:attachment":[{"href":"https:\/\/ssg-fliegerhorst.de\/index.php?rest_route=%2Fwp%2Fv2%2Fmedia&parent=82"}],"curies":[{"name":"wp","href":"https:\/\/api.w.org\/{rel}","templated":true}]}}